{"id":1376,"date":"2019-12-17T19:27:27","date_gmt":"2019-12-17T18:27:27","guid":{"rendered":"https:\/\/www.hundseck.de\/skilift_hundseck\/liftpreise-copy\/"},"modified":"2023-11-01T21:00:34","modified_gmt":"2023-11-01T20:00:34","slug":"offnungszeiten","status":"publish","type":"page","link":"https:\/\/www.hundseck.de\/skilift_hundseck\/offnungszeiten\/","title":{"rendered":"\u00d6ffnungszeiten"},"content":{"rendered":"<!--themify_builder_content-->\n<div id=\"themify_builder_content-1376\" data-postid=\"1376\" class=\"themify_builder_content themify_builder_content-1376 themify_builder tf_clear\">\n                    <div  data-css_id=\"wuzr208\" data-lazy=\"1\" class=\"module_row themify_builder_row fullwidth_row_container tb_wuzr208 tb_first tf_w\">\n                        <div class=\"row_inner col_align_top tb_col_count_1 tf_box tf_rel\">\n                        <div  data-lazy=\"1\" class=\"module_column tb-column col-full tb_z8qj209 first\">\n                            <div  data-lazy=\"1\" class=\"module_subrow themify_builder_sub_row tf_w col_align_top tb_col_count_1 tb_g2oy210\">\n                <div  data-lazy=\"1\" class=\"module_column sub_column col-full tb_uhvr210 first\">\n                    <!-- module text -->\n<div  class=\"module module-text tb_ocje210  repeat \" data-lazy=\"1\">\n        <div  class=\"tb_text_wrap\">\n        <h3 style=\"text-align: center;\">\u00d6ffnungszeiten<br \/><br \/><\/h3>\n<p>Bei ausreichender Schneelage haben wir F\u00fcr Sie ge\u00f6ffnet:<br \/><br \/><\/p>\n<p><strong>Mo-Sa: 09.00 \u2013 21.00 Uhr<\/strong><br \/><strong>So: 09.00 \u2013 18.00 Uhr<\/strong><\/p>\n<p><br \/>Bedarfsweise k\u00f6nnen die \u00d6ffnungszeiten abweichen bzw. eingeschr\u00e4nkt werden.<br \/><br \/><\/p>\n<p>Die jeweiligen Tages\u00f6ffnungszeiten entnehmen Sie den Angaben auf der Startseite.<br \/><br \/><\/p>\n<p>Den Anweisungen des Liftpersonales ist Folge zu leisten!<\/p>    <\/div>\n<\/div>\n<!-- \/module text -->        <\/div>\n                    <\/div>\n                <\/div>\n                        <\/div>\n        <\/div>\n                        <div  data-anchor=\"anfahrt\" data-css_id=\"n6as208\" data-lazy=\"1\" class=\"module_row themify_builder_row fullwidth tb_has_section tb_section-anfahrt tb_n6as208 tf_w\">\n                        <div class=\"row_inner col_align_top tb_col_count_1 tf_box tf_rel\">\n                        <div  data-lazy=\"1\" class=\"module_column tb-column col-full tb_wyn6212 first\">\n                    <!-- module text -->\n<div  class=\"module module-text tb_gqx8212  repeat \" data-lazy=\"1\">\n        <div  class=\"tb_text_wrap\">\n        <p><iframe loading=\"lazy\" style=\"border: 0;\" src=\"https:\/\/www.google.com\/maps\/embed?pb=!1m18!1m12!1m3!1d2636.1272656669785!2d8.230216315882423!3d48.64568052361369!2m3!1f0!2f0!3f0!3m2!1i1024!2i768!4f13.1!3m3!1m2!1s0x47972421e9545c81%3A0x487911bc21dd7416!2sB%C3%BChlertallift+Hundseck!5e0!3m2!1sde!2sde!4v1551186818318\" width=\"100%\" height=\"450\" frameborder=\"0\" allowfullscreen=\"allowfullscreen\"><\/iframe><\/p>\n    <\/div>\n<\/div>\n<!-- \/module text -->        <\/div>\n                        <\/div>\n        <\/div>\n        <\/div>\n<!--\/themify_builder_content-->","protected":false},"excerpt":{"rendered":"<p>\u00d6ffnungszeiten Bei ausreichender Schneelage haben wir F\u00fcr Sie ge\u00f6ffnet: Mo-Sa: 09.00 \u2013 21.00 UhrSo: 09.00 \u2013 18.00 Uhr Bedarfsweise k\u00f6nnen die \u00d6ffnungszeiten abweichen bzw. eingeschr\u00e4nkt werden. Die jeweiligen Tages\u00f6ffnungszeiten entnehmen Sie den Angaben auf der Startseite. Den Anweisungen des Liftpersonales ist Folge zu leisten!<\/p>\n","protected":false},"author":1,"featured_media":0,"parent":0,"menu_order":0,"comment_status":"closed","ping_status":"closed","template":"","meta":{"footnotes":""},"class_list":["post-1376","page","type-page","status-publish","hentry","has-post-title","has-post-date","has-post-category","has-post-tag","has-post-comment","has-post-author",""],"builder_content":"<h3 style=\"text-align: center;\">\u00d6ffnungszeiten<br \/><br \/><\/h3> <p>Bei ausreichender Schneelage haben wir F\u00fcr Sie ge\u00f6ffnet:<br \/><br \/><\/p> <p><strong>Mo-Sa: 09.00 \u2013 21.00 Uhr<\/strong><br \/><strong>So: 09.00 \u2013 18.00 Uhr<\/strong><\/p> <p><br \/>Bedarfsweise k\u00f6nnen die \u00d6ffnungszeiten abweichen bzw. eingeschr\u00e4nkt werden.<br \/><br \/><\/p> <p>Die jeweiligen Tages\u00f6ffnungszeiten entnehmen Sie den Angaben auf der Startseite.<br \/><br \/><\/p> <p>Den Anweisungen des Liftpersonales ist Folge zu leisten!<\/p>\n<p><iframe loading=\"lazy\" style=\"border: 0;\" src=\"https:\/\/www.google.com\/maps\/embed?pb=!1m18!1m12!1m3!1d2636.1272656669785!2d8.230216315882423!3d48.64568052361369!2m3!1f0!2f0!3f0!3m2!1i1024!2i768!4f13.1!3m3!1m2!1s0x47972421e9545c81%3A0x487911bc21dd7416!2sB%C3%BChlertallift+Hundseck!5e0!3m2!1sde!2sde!4v1551186818318\" width=\"100%\" height=\"450\" frameborder=\"0\" allowfullscreen=\"allowfullscreen\"><\/iframe><\/p>","_links":{"self":[{"href":"https:\/\/www.hundseck.de\/skilift_hundseck\/wp-json\/wp\/v2\/pages\/1376","targetHints":{"allow":["GET"]}}],"collection":[{"href":"https:\/\/www.hundseck.de\/skilift_hundseck\/wp-json\/wp\/v2\/pages"}],"about":[{"href":"https:\/\/www.hundseck.de\/skilift_hundseck\/wp-json\/wp\/v2\/types\/page"}],"author":[{"embeddable":true,"href":"https:\/\/www.hundseck.de\/skilift_hundseck\/wp-json\/wp\/v2\/users\/1"}],"replies":[{"embeddable":true,"href":"https:\/\/www.hundseck.de\/skilift_hundseck\/wp-json\/wp\/v2\/comments?post=1376"}],"version-history":[{"count":8,"href":"https:\/\/www.hundseck.de\/skilift_hundseck\/wp-json\/wp\/v2\/pages\/1376\/revisions"}],"predecessor-version":[{"id":2018,"href":"https:\/\/www.hundseck.de\/skilift_hundseck\/wp-json\/wp\/v2\/pages\/1376\/revisions\/2018"}],"wp:attachment":[{"href":"https:\/\/www.hundseck.de\/skilift_hundseck\/wp-json\/wp\/v2\/media?parent=1376"}],"curies":[{"name":"wp","href":"https:\/\/api.w.org\/{rel}","templated":true}]}}